{"id":230,"date":"2023-12-20T19:16:17","date_gmt":"2023-12-20T19:16:17","guid":{"rendered":"https:\/\/meinhelfair.de\/bewerbung\/?page_id=230"},"modified":"2025-03-23T20:15:41","modified_gmt":"2025-03-23T20:15:41","slug":"stellen","status":"publish","type":"page","link":"https:\/\/meinhelfair.de\/bewerbung\/stellen\/","title":{"rendered":"Stellen"},"content":{"rendered":"\n<div class=\"wp-block-group alignwide has-global-padding is-layout-constrained wp-block-group-is-layout-constrained\">\n<h2 class=\"wp-block-heading has-text-align-center\">Das kannst du bei uns machen<\/h2>\n\n\n\n<p><\/p>\n\n\n\n<div class=\"wp-block-columns alignwide is-layout-flex wp-container-core-columns-is-layout-4b47329e wp-block-columns-is-layout-flex\">\n<div class=\"wp-block-column is-layout-flow wp-block-column-is-layout-flow\" style=\"border-top-width:1px;padding-top:24px\">\n<h4 class=\"wp-block-heading has-text-align-left\">Minijob f\u00fcr Au\u00dferh\u00e4usliches<\/h4>\n\n\n\n<p>Du hast Bock anzupacken? <br>Rasen m\u00e4hen, Hecke schneiden und Umzugshilfe w\u00e4re dein Ding?<br>Melde dich, wenn du flexibel arbeiten willst!<\/p>\n<\/div>\n\n\n\n<div class=\"wp-block-column is-layout-flow wp-block-column-is-layout-flow\" style=\"border-top-width:1px;padding-top:24px\">\n<h4 class=\"wp-block-heading\">Marketing Management<\/h4>\n\n\n\n<p>Du kennst dich aus im Bereich Marketing und Vertrieb und hast Lust diesen Bereich in einem Start-Up auszubauen und zu begleiten?                                         Dann unterst\u00fctze uns bei der Sichtbarkeitsarbeit.<\/p>\n<\/div>\n\n\n\n<div class=\"wp-block-column is-layout-flow wp-block-column-is-layout-flow\" style=\"border-top-width:1px;padding-top:24px\">\n<h4 class=\"wp-block-heading\">Minijob f\u00fcr IT T\u00e4tigkeiten<\/h4>\n\n\n\n<p>Du bist fit im Umgang mit Smartphone und PC?Druckerprobleme l\u00f6sen, PC Komponenten wechseln machst du gerne?<br>Bei uns lernst du viel und verdienst dabei Geld!<\/p>\n<\/div>\n<\/div>\n\n\n\n<div class=\"wp-block-columns alignwide is-layout-flex wp-container-core-columns-is-layout-6b2b2ef1 wp-block-columns-is-layout-flex\" style=\"margin-top:48px\">\n<div class=\"wp-block-column is-layout-flow wp-block-column-is-layout-flow\" style=\"border-top-width:1px;padding-top:24px\">\n<h4 class=\"wp-block-heading\">Regionsleitung<\/h4>\n\n\n\n<p>Du \u00fcbernimmst gerne Verantwortung? <br>Du kannst gut mit Menschen?<br>Unterst\u00fctze beim Marketing und der Kommunikation an deinem Ort! <br><a href=\"https:\/\/meinhelfair.de\/bewerbung\/regionsleitung\/\">Weiteres hier<\/a><br><\/p>\n<\/div>\n\n\n\n<div class=\"wp-block-column is-layout-flow wp-block-column-is-layout-flow\" style=\"border-top-width:1px;padding-top:24px\">\n<h4 class=\"wp-block-heading\">IT-Workshops geben<\/h4>\n\n\n\n<p>Du wei\u00dft wie man die heutige Technik bedient?<br>Du kannst \u00fcber Themen wie ChatGPT oder Phisingmails sprechen?  <br>Dann leite einfache IT-Workshops vor einer Gruppe von Senioren!<\/p>\n<\/div>\n\n\n\n<div class=\"wp-block-column is-style-tw-col-border-top is-layout-flow wp-block-column-is-layout-flow\" style=\"border-top-width:1px;padding-top:24px\">\n<h4 class=\"wp-block-heading\">IT System Entwicklung<\/h4>\n\n\n\n<p>Webentwicklung und\/oder interne Automatismen aufzubauen kannst du? <br>Unterst\u00fctze beim Aufbau unserer Vision einer Vermittlungs-Plattform.<\/p>\n<\/div>\n<\/div>\n<\/div>\n\n\n\n<h2 class=\"wp-block-heading has-text-color\" style=\"color:#000000;font-size:clamp(20px, 1.25rem + ((1vw - 3.2px) * 0.882), 32px);\"><strong>Sei mit dabei!<\/strong><\/h2>\n\n\n\n<p style=\"margin-bottom:0;padding-bottom:0\">Bewerbe dich hier f\u00fcr Regionsleitungs und Helfair-Jobs:<\/p>\n\n\n\n<div class=\"wp-block-buttons is-layout-flex wp-container-core-buttons-is-layout-2ca46200 wp-block-buttons-is-layout-flex\" style=\"padding-top:0px;padding-bottom:0px\">\n<div class=\"wp-block-button is-style-fill\"><a class=\"wp-block-button__link wp-element-button\" href=\"https:\/\/meinhelfair.de\/bewerbung\/#join-us\">Hier bewerben<\/a><\/div>\n<\/div>\n\n\n\n<p><br>Initiativbewerbungen gerne an bewerbung@meinhelfair.de \ud83d\ude42<\/p>\n","protected":false},"excerpt":{"rendered":"<p>Das kannst du bei uns machen Minijob f\u00fcr Au\u00dferh\u00e4usliches Du hast Bock anzupacken? Rasen m\u00e4hen, Hecke schneiden und Umzugshilfe w\u00e4re dein Ding?Melde dich, wenn du flexibel arbeiten willst! Marketing Management Du kennst dich aus im Bereich Marketing und Vertrieb und hast Lust diesen Bereich in einem Start-Up auszubauen und zu begleiten? Dann unterst\u00fctze uns bei [&hellip;]<\/p>\n","protected":false},"author":1,"featured_media":0,"parent":0,"menu_order":0,"comment_status":"closed","ping_status":"closed","template":"","meta":{"_eb_attr":"","footnotes":""},"class_list":["post-230","page","type-page","status-publish","hentry"],"yoast_head":"<!-- This site is optimized with the Yoast SEO plugin v27.3 - https:\/\/yoast.com\/product\/yoast-seo-wordpress\/ -->\n<title>Offene Stellen -<\/title>\n<meta name=\"description\" content=\"Social Media, Koordination, Gartenarbeiten, IT Unterst\u00fctzung und vieles mehr kannst du bei uns machen. Interesse? Melde dich bei uns!\" \/>\n<meta name=\"robots\" content=\"index, follow, max-snippet:-1, max-image-preview:large, max-video-preview:-1\" \/>\n<link rel=\"canonical\" href=\"https:\/\/meinhelfair.de\/bewerbung\/stellen\/\" \/>\n<meta property=\"og:locale\" content=\"de_DE\" \/>\n<meta property=\"og:type\" content=\"article\" \/>\n<meta property=\"og:title\" content=\"Offene Stellen -\" \/>\n<meta property=\"og:description\" content=\"Social Media, Koordination, Gartenarbeiten, IT Unterst\u00fctzung und vieles mehr kannst du bei uns machen. Interesse? Melde dich bei uns!\" \/>\n<meta property=\"og:url\" content=\"https:\/\/meinhelfair.de\/bewerbung\/stellen\/\" \/>\n<meta property=\"article:modified_time\" content=\"2025-03-23T20:15:41+00:00\" \/>\n<meta name=\"twitter:card\" content=\"summary_large_image\" \/>\n<meta name=\"twitter:label1\" content=\"Gesch\u00e4tzte Lesezeit\" \/>\n\t<meta name=\"twitter:data1\" content=\"1\u00a0Minute\" \/>\n<script type=\"application\/ld+json\" class=\"yoast-schema-graph\">{\"@context\":\"https:\\\/\\\/schema.org\",\"@graph\":[{\"@type\":\"WebPage\",\"@id\":\"https:\\\/\\\/meinhelfair.de\\\/bewerbung\\\/stellen\\\/\",\"url\":\"https:\\\/\\\/meinhelfair.de\\\/bewerbung\\\/stellen\\\/\",\"name\":\"Offene Stellen -\",\"isPartOf\":{\"@id\":\"https:\\\/\\\/meinhelfair.de\\\/bewerbung\\\/#website\"},\"datePublished\":\"2023-12-20T19:16:17+00:00\",\"dateModified\":\"2025-03-23T20:15:41+00:00\",\"description\":\"Social Media, Koordination, Gartenarbeiten, IT Unterst\u00fctzung und vieles mehr kannst du bei uns machen. Interesse? Melde dich bei uns!\",\"breadcrumb\":{\"@id\":\"https:\\\/\\\/meinhelfair.de\\\/bewerbung\\\/stellen\\\/#breadcrumb\"},\"inLanguage\":\"de\",\"potentialAction\":[{\"@type\":\"ReadAction\",\"target\":[\"https:\\\/\\\/meinhelfair.de\\\/bewerbung\\\/stellen\\\/\"]}]},{\"@type\":\"BreadcrumbList\",\"@id\":\"https:\\\/\\\/meinhelfair.de\\\/bewerbung\\\/stellen\\\/#breadcrumb\",\"itemListElement\":[{\"@type\":\"ListItem\",\"position\":1,\"name\":\"Startseite\",\"item\":\"https:\\\/\\\/meinhelfair.de\\\/bewerbung\\\/\"},{\"@type\":\"ListItem\",\"position\":2,\"name\":\"Stellen\"}]},{\"@type\":\"WebSite\",\"@id\":\"https:\\\/\\\/meinhelfair.de\\\/bewerbung\\\/#website\",\"url\":\"https:\\\/\\\/meinhelfair.de\\\/bewerbung\\\/\",\"name\":\"Mein Helfair\",\"description\":\"Starte den &quot;anderen&quot; Minijob!\",\"publisher\":{\"@id\":\"https:\\\/\\\/meinhelfair.de\\\/bewerbung\\\/#organization\"},\"alternateName\":\"RH Bodensee\",\"potentialAction\":[{\"@type\":\"SearchAction\",\"target\":{\"@type\":\"EntryPoint\",\"urlTemplate\":\"https:\\\/\\\/meinhelfair.de\\\/bewerbung\\\/?s={search_term_string}\"},\"query-input\":{\"@type\":\"PropertyValueSpecification\",\"valueRequired\":true,\"valueName\":\"search_term_string\"}}],\"inLanguage\":\"de\"},{\"@type\":\"Organization\",\"@id\":\"https:\\\/\\\/meinhelfair.de\\\/bewerbung\\\/#organization\",\"name\":\"Mein Helfair\",\"url\":\"https:\\\/\\\/meinhelfair.de\\\/bewerbung\\\/\",\"logo\":{\"@type\":\"ImageObject\",\"inLanguage\":\"de\",\"@id\":\"https:\\\/\\\/meinhelfair.de\\\/bewerbung\\\/#\\\/schema\\\/logo\\\/image\\\/\",\"url\":\"https:\\\/\\\/meinhelfair.de\\\/bewerbung\\\/wp-content\\\/uploads\\\/sites\\\/6\\\/2024\\\/04\\\/Helfair_Wort_Bild_Ueber_B.png\",\"contentUrl\":\"https:\\\/\\\/meinhelfair.de\\\/bewerbung\\\/wp-content\\\/uploads\\\/sites\\\/6\\\/2024\\\/04\\\/Helfair_Wort_Bild_Ueber_B.png\",\"width\":4062,\"height\":1395,\"caption\":\"Mein Helfair\"},\"image\":{\"@id\":\"https:\\\/\\\/meinhelfair.de\\\/bewerbung\\\/#\\\/schema\\\/logo\\\/image\\\/\"}}]}<\/script>\n<!-- \/ Yoast SEO plugin. -->","yoast_head_json":{"title":"Offene Stellen -","description":"Social Media, Koordination, Gartenarbeiten, IT Unterst\u00fctzung und vieles mehr kannst du bei uns machen. Interesse? Melde dich bei uns!","robots":{"index":"index","follow":"follow","max-snippet":"max-snippet:-1","max-image-preview":"max-image-preview:large","max-video-preview":"max-video-preview:-1"},"canonical":"https:\/\/meinhelfair.de\/bewerbung\/stellen\/","og_locale":"de_DE","og_type":"article","og_title":"Offene Stellen -","og_description":"Social Media, Koordination, Gartenarbeiten, IT Unterst\u00fctzung und vieles mehr kannst du bei uns machen. Interesse? Melde dich bei uns!","og_url":"https:\/\/meinhelfair.de\/bewerbung\/stellen\/","article_modified_time":"2025-03-23T20:15:41+00:00","twitter_card":"summary_large_image","twitter_misc":{"Gesch\u00e4tzte Lesezeit":"1\u00a0Minute"},"schema":{"@context":"https:\/\/schema.org","@graph":[{"@type":"WebPage","@id":"https:\/\/meinhelfair.de\/bewerbung\/stellen\/","url":"https:\/\/meinhelfair.de\/bewerbung\/stellen\/","name":"Offene Stellen -","isPartOf":{"@id":"https:\/\/meinhelfair.de\/bewerbung\/#website"},"datePublished":"2023-12-20T19:16:17+00:00","dateModified":"2025-03-23T20:15:41+00:00","description":"Social Media, Koordination, Gartenarbeiten, IT Unterst\u00fctzung und vieles mehr kannst du bei uns machen. Interesse? Melde dich bei uns!","breadcrumb":{"@id":"https:\/\/meinhelfair.de\/bewerbung\/stellen\/#breadcrumb"},"inLanguage":"de","potentialAction":[{"@type":"ReadAction","target":["https:\/\/meinhelfair.de\/bewerbung\/stellen\/"]}]},{"@type":"BreadcrumbList","@id":"https:\/\/meinhelfair.de\/bewerbung\/stellen\/#breadcrumb","itemListElement":[{"@type":"ListItem","position":1,"name":"Startseite","item":"https:\/\/meinhelfair.de\/bewerbung\/"},{"@type":"ListItem","position":2,"name":"Stellen"}]},{"@type":"WebSite","@id":"https:\/\/meinhelfair.de\/bewerbung\/#website","url":"https:\/\/meinhelfair.de\/bewerbung\/","name":"Mein Helfair","description":"Starte den &quot;anderen&quot; Minijob!","publisher":{"@id":"https:\/\/meinhelfair.de\/bewerbung\/#organization"},"alternateName":"RH Bodensee","potentialAction":[{"@type":"SearchAction","target":{"@type":"EntryPoint","urlTemplate":"https:\/\/meinhelfair.de\/bewerbung\/?s={search_term_string}"},"query-input":{"@type":"PropertyValueSpecification","valueRequired":true,"valueName":"search_term_string"}}],"inLanguage":"de"},{"@type":"Organization","@id":"https:\/\/meinhelfair.de\/bewerbung\/#organization","name":"Mein Helfair","url":"https:\/\/meinhelfair.de\/bewerbung\/","logo":{"@type":"ImageObject","inLanguage":"de","@id":"https:\/\/meinhelfair.de\/bewerbung\/#\/schema\/logo\/image\/","url":"https:\/\/meinhelfair.de\/bewerbung\/wp-content\/uploads\/sites\/6\/2024\/04\/Helfair_Wort_Bild_Ueber_B.png","contentUrl":"https:\/\/meinhelfair.de\/bewerbung\/wp-content\/uploads\/sites\/6\/2024\/04\/Helfair_Wort_Bild_Ueber_B.png","width":4062,"height":1395,"caption":"Mein Helfair"},"image":{"@id":"https:\/\/meinhelfair.de\/bewerbung\/#\/schema\/logo\/image\/"}}]}},"_links":{"self":[{"href":"https:\/\/meinhelfair.de\/bewerbung\/wp-json\/wp\/v2\/pages\/230","targetHints":{"allow":["GET"]}}],"collection":[{"href":"https:\/\/meinhelfair.de\/bewerbung\/wp-json\/wp\/v2\/pages"}],"about":[{"href":"https:\/\/meinhelfair.de\/bewerbung\/wp-json\/wp\/v2\/types\/page"}],"author":[{"embeddable":true,"href":"https:\/\/meinhelfair.de\/bewerbung\/wp-json\/wp\/v2\/users\/1"}],"replies":[{"embeddable":true,"href":"https:\/\/meinhelfair.de\/bewerbung\/wp-json\/wp\/v2\/comments?post=230"}],"version-history":[{"count":22,"href":"https:\/\/meinhelfair.de\/bewerbung\/wp-json\/wp\/v2\/pages\/230\/revisions"}],"predecessor-version":[{"id":684,"href":"https:\/\/meinhelfair.de\/bewerbung\/wp-json\/wp\/v2\/pages\/230\/revisions\/684"}],"wp:attachment":[{"href":"https:\/\/meinhelfair.de\/bewerbung\/wp-json\/wp\/v2\/media?parent=230"}],"curies":[{"name":"wp","href":"https:\/\/api.w.org\/{rel}","templated":true}]}}

<div class="wp-block-group alignwide has-global-padding is-layout-constrained wp-block-group-is-layout-constrained">
<h2 class="wp-block-heading has-text-align-center">Das kannst du bei uns machen</h2>



<p></p>



<div class="wp-block-columns alignwide is-layout-flex wp-container-core-columns-is-layout-4b47329e wp-block-columns-is-layout-flex">
<div class="wp-block-column is-layout-flow wp-block-column-is-layout-flow" style="border-top-width:1px;padding-top:24px">
<h4 class="wp-block-heading has-text-align-left">Minijob für Außerhäusliches</h4>



<p>Du hast Bock anzupacken? <br>Rasen mähen, Hecke schneiden und Umzugshilfe wäre dein Ding?<br>Melde dich, wenn du flexibel arbeiten willst!</p>
</div>



<div class="wp-block-column is-layout-flow wp-block-column-is-layout-flow" style="border-top-width:1px;padding-top:24px">
<h4 class="wp-block-heading">Marketing Management</h4>



<p>Du kennst dich aus im Bereich Marketing und Vertrieb und hast Lust diesen Bereich in einem Start-Up auszubauen und zu begleiten?                                         Dann unterstütze uns bei der Sichtbarkeitsarbeit.</p>
</div>



<div class="wp-block-column is-layout-flow wp-block-column-is-layout-flow" style="border-top-width:1px;padding-top:24px">
<h4 class="wp-block-heading">Minijob für IT Tätigkeiten</h4>



<p>Du bist fit im Umgang mit Smartphone und PC?Druckerprobleme lösen, PC Komponenten wechseln machst du gerne?<br>Bei uns lernst du viel und verdienst dabei Geld!</p>
</div>
</div>



<div class="wp-block-columns alignwide is-layout-flex wp-container-core-columns-is-layout-6b2b2ef1 wp-block-columns-is-layout-flex" style="margin-top:48px">
<div class="wp-block-column is-layout-flow wp-block-column-is-layout-flow" style="border-top-width:1px;padding-top:24px">
<h4 class="wp-block-heading">Regionsleitung</h4>



<p>Du übernimmst gerne Verantwortung? <br>Du kannst gut mit Menschen?<br>Unterstütze beim Marketing und der Kommunikation an deinem Ort! <br><a href="https://meinhelfair.de/bewerbung/regionsleitung/">Weiteres hier</a><br></p>
</div>



<div class="wp-block-column is-layout-flow wp-block-column-is-layout-flow" style="border-top-width:1px;padding-top:24px">
<h4 class="wp-block-heading">IT-Workshops geben</h4>



<p>Du weißt wie man die heutige Technik bedient?<br>Du kannst über Themen wie ChatGPT oder Phisingmails sprechen?  <br>Dann leite einfache IT-Workshops vor einer Gruppe von Senioren!</p>
</div>



<div class="wp-block-column is-style-tw-col-border-top is-layout-flow wp-block-column-is-layout-flow" style="border-top-width:1px;padding-top:24px">
<h4 class="wp-block-heading">IT System Entwicklung</h4>



<p>Webentwicklung und/oder interne Automatismen aufzubauen kannst du? <br>Unterstütze beim Aufbau unserer Vision einer Vermittlungs-Plattform.</p>
</div>
</div>
</div>



<h2 class="wp-block-heading has-text-color" style="color:#000000;font-size:clamp(20px, 1.25rem + ((1vw - 3.2px) * 0.882), 32px);"><strong>Sei mit dabei!</strong></h2>



<p style="margin-bottom:0;padding-bottom:0">Bewerbe dich hier für Regionsleitungs und Helfair-Jobs:</p>



<div class="wp-block-buttons is-layout-flex wp-container-core-buttons-is-layout-2ca46200 wp-block-buttons-is-layout-flex" style="padding-top:0px;padding-bottom:0px">
<div class="wp-block-button is-style-fill"><a class="wp-block-button__link wp-element-button" href="https://meinhelfair.de/bewerbung/#join-us">Hier bewerben</a></div>
</div>



<p><br>Initiativbewerbungen gerne an bewerbung@meinhelfair.de 🙂</p>

<p>Das kannst du bei uns machen Minijob für Außerhäusliches Du hast Bock anzupacken? Rasen mähen, Hecke schneiden und Umzugshilfe wäre dein Ding?Melde dich, wenn du flexibel arbeiten willst! Marketing Management Du kennst dich aus im Bereich Marketing und Vertrieb und hast Lust diesen Bereich in einem Start-Up auszubauen und zu begleiten? Dann unterstütze uns bei [&hellip;]</p>

<!-- This site is optimized with the Yoast SEO plugin v27.3 - https://yoast.com/product/yoast-seo-wordpress/ -->
<title>Offene Stellen -</title>
<meta name="description" content="Social Media, Koordination, Gartenarbeiten, IT Unterstützung und vieles mehr kannst du bei uns machen. Interesse? Melde dich bei uns!" />
<meta name="robots" content="index, follow, max-snippet:-1, max-image-preview:large, max-video-preview:-1" />
<link rel="canonical" href="https://meinhelfair.de/bewerbung/stellen/" />
<meta property="og:locale" content="de_DE" />
<meta property="og:type" content="article" />
<meta property="og:title" content="Offene Stellen -" />
<meta property="og:description" content="Social Media, Koordination, Gartenarbeiten, IT Unterstützung und vieles mehr kannst du bei uns machen. Interesse? Melde dich bei uns!" />
<meta property="og:url" content="https://meinhelfair.de/bewerbung/stellen/" />
<meta property="article:modified_time" content="2025-03-23T20:15:41+00:00" />
<meta name="twitter:card" content="summary_large_image" />
<meta name="twitter:label1" content="Geschätzte Lesezeit" />
	<meta name="twitter:data1" content="1 Minute" />
<script type="application/ld+json" class="yoast-schema-graph">{"@context":"https:\/\/schema.org","@graph":[{"@type":"WebPage","@id":"https:\/\/meinhelfair.de\/bewerbung\/stellen\/","url":"https:\/\/meinhelfair.de\/bewerbung\/stellen\/","name":"Offene Stellen -","isPartOf":{"@id":"https:\/\/meinhelfair.de\/bewerbung\/#website"},"datePublished":"2023-12-20T19:16:17+00:00","dateModified":"2025-03-23T20:15:41+00:00","description":"Social Media, Koordination, Gartenarbeiten, IT Unterstützung und vieles mehr kannst du bei uns machen. Interesse? Melde dich bei uns!","breadcrumb":{"@id":"https:\/\/meinhelfair.de\/bewerbung\/stellen\/#breadcrumb"},"inLanguage":"de","potentialAction":[{"@type":"ReadAction","target":["https:\/\/meinhelfair.de\/bewerbung\/stellen\/"]}]},{"@type":"BreadcrumbList","@id":"https:\/\/meinhelfair.de\/bewerbung\/stellen\/#breadcrumb","itemListElement":[{"@type":"ListItem","position":1,"name":"Startseite","item":"https:\/\/meinhelfair.de\/bewerbung\/"},{"@type":"ListItem","position":2,"name":"Stellen"}]},{"@type":"WebSite","@id":"https:\/\/meinhelfair.de\/bewerbung\/#website","url":"https:\/\/meinhelfair.de\/bewerbung\/","name":"Mein Helfair","description":"Starte den &quot;anderen&quot; Minijob!","publisher":{"@id":"https:\/\/meinhelfair.de\/bewerbung\/#organization"},"alternateName":"RH Bodensee","potentialAction":[{"@type":"SearchAction","target":{"@type":"EntryPoint","urlTemplate":"https:\/\/meinhelfair.de\/bewerbung\/?s={search_term_string}"},"query-input":{"@type":"PropertyValueSpecification","valueRequired":true,"valueName":"search_term_string"}}],"inLanguage":"de"},{"@type":"Organization","@id":"https:\/\/meinhelfair.de\/bewerbung\/#organization","name":"Mein Helfair","url":"https:\/\/meinhelfair.de\/bewerbung\/","logo":{"@type":"ImageObject","inLanguage":"de","@id":"https:\/\/meinhelfair.de\/bewerbung\/#\/schema\/logo\/image\/","url":"https:\/\/meinhelfair.de\/bewerbung\/wp-content\/uploads\/sites\/6\/2024\/04\/Helfair_Wort_Bild_Ueber_B.png","contentUrl":"https:\/\/meinhelfair.de\/bewerbung\/wp-content\/uploads\/sites\/6\/2024\/04\/Helfair_Wort_Bild_Ueber_B.png","width":4062,"height":1395,"caption":"Mein Helfair"},"image":{"@id":"https:\/\/meinhelfair.de\/bewerbung\/#\/schema\/logo\/image\/"}}]}</script>
<!-- / Yoast SEO plugin. -->

Social Media, Koordination, Gartenarbeiten, IT Unterstützung und vieles mehr kannst du bei uns machen. Interesse? Melde dich bei uns!
